{"id":135,"date":"2024-02-28T01:28:36","date_gmt":"2024-02-28T01:28:36","guid":{"rendered":"https:\/\/dolcepanis.com\/?page_id=135"},"modified":"2025-02-07T18:23:51","modified_gmt":"2025-02-08T00:23:51","slug":"recetas-tradicionales-europeas","status":"publish","type":"page","link":"https:\/\/dolcepanis.morphos.lat\/index.php\/recetas-tradicionales-europeas\/","title":{"rendered":"Qui\u00e9nes somos"},"content":{"rendered":"\t\t<div data-elementor-type=\"wp-page\" data-elementor-id=\"135\" class=\"elementor elementor-135\" data-elementor-post-type=\"page\">\n\t\t\t\t<div class=\"elementor-element elementor-element-a4c7997 e-flex e-con-boxed e-con e-parent\" data-id=\"a4c7997\" data-element_type=\"container\" data-e-type=\"container\" data-settings=\"{&quot;background_background&quot;:&quot;classic&quot;}\">\n\t\t\t\t\t<div class=\"e-con-inner\">\n\t\t\t\t<div class=\"elementor-element elementor-element-c0eb1ca elementor-widget elementor-widget-heading\" data-id=\"c0eb1ca\" data-element_type=\"widget\" data-e-type=\"widget\" data-widget_type=\"heading.default\">\n\t\t\t\t<div class=\"elementor-widget-container\">\n\t\t\t\t\t<h2 class=\"elementor-heading-title elementor-size-default\">Qui\u00e9nes somos<\/h2>\t\t\t\t<\/div>\n\t\t\t\t<\/div>\n\t\t\t\t\t<\/div>\n\t\t\t\t<\/div>\n\t\t<div class=\"elementor-element elementor-element-256a99a4 e-flex e-con-boxed e-con e-parent\" data-id=\"256a99a4\" data-element_type=\"container\" data-e-type=\"container\">\n\t\t\t\t\t<div class=\"e-con-inner\">\n\t\t<div class=\"elementor-element elementor-element-7142ad3a e-con-full e-flex e-con e-child\" data-id=\"7142ad3a\" data-element_type=\"container\" data-e-type=\"container\">\n\t\t\t\t<div class=\"elementor-element elementor-element-68d66ed7 elementor-widget elementor-widget-image\" data-id=\"68d66ed7\" data-element_type=\"widget\" data-e-type=\"widget\" data-widget_type=\"image.default\">\n\t\t\t\t<div class=\"elementor-widget-container\">\n\t\t\t\t\t\t\t\t\t\t\t\t\t\t\t<img fetchpriority=\"high\" decoding=\"async\" width=\"1024\" height=\"768\" src=\"https:\/\/dolcepanis.morphos.lat\/wp-content\/uploads\/2024\/03\/quienes-somos-1.jpg\" class=\"attachment-large size-large wp-image-650\" alt=\"recetas tradicionales europeas\" \/>\t\t\t\t\t\t\t\t\t\t\t\t\t\t\t<\/div>\n\t\t\t\t<\/div>\n\t\t\t\t<\/div>\n\t\t<div class=\"elementor-element elementor-element-164f6544 e-con-full e-flex e-con e-child\" data-id=\"164f6544\" data-element_type=\"container\" data-e-type=\"container\">\n\t\t\t\t<div class=\"elementor-element elementor-element-7bad4d87 elementor-widget elementor-widget-heading\" data-id=\"7bad4d87\" data-element_type=\"widget\" data-e-type=\"widget\" data-widget_type=\"heading.default\">\n\t\t\t\t<div class=\"elementor-widget-container\">\n\t\t\t\t\t<h3 class=\"elementor-heading-title elementor-size-default\">\u00a1Bienvenido!<\/h3>\t\t\t\t<\/div>\n\t\t\t\t<\/div>\n\t\t\t\t<div class=\"elementor-element elementor-element-4c323e37 elementor-widget elementor-widget-text-editor\" data-id=\"4c323e37\" data-element_type=\"widget\" data-e-type=\"widget\" data-widget_type=\"text-editor.default\">\n\t\t\t\t<div class=\"elementor-widget-container\">\n\t\t\t\t\t\t\t\t\t<p class=\"p1\">Nuestro men\u00fa es una combinaci\u00f3n de recetas tradicionales europeas y creaciones innovadoras, que ofrece una deliciosa variedad de opciones para todos los amantes de la panader\u00eda m\u00e1s exigentes. Deleite sus sentidos en un mundo de aromas irresistibles y sabores deliciosos al entrar en <span style=\"color: #b18806;\"><strong>DOLCE PANIS<\/strong><\/span>. Ubicados en la Ciudad de Le\u00f3n, Guanajuato.<\/p>\t\t\t\t\t\t\t\t<\/div>\n\t\t\t\t<\/div>\n\t\t\t\t<\/div>\n\t\t\t\t\t<\/div>\n\t\t\t\t<\/div>\n\t\t<div class=\"elementor-element elementor-element-a6043a1 e-flex e-con-boxed e-con e-parent\" data-id=\"a6043a1\" data-element_type=\"container\" data-e-type=\"container\">\n\t\t\t\t\t<div class=\"e-con-inner\">\n\t\t<div class=\"elementor-element elementor-element-4686fee e-con-full e-flex e-con e-child\" data-id=\"4686fee\" data-element_type=\"container\" data-e-type=\"container\">\n\t\t\t\t<div class=\"elementor-element elementor-element-a013508 elementor-widget elementor-widget-image\" data-id=\"a013508\" data-element_type=\"widget\" data-e-type=\"widget\" data-widget_type=\"image.default\">\n\t\t\t\t<div class=\"elementor-widget-container\">\n\t\t\t\t\t\t\t\t\t\t\t\t\t\t\t<img decoding=\"async\" width=\"1024\" height=\"708\" src=\"https:\/\/dolcepanis.morphos.lat\/wp-content\/uploads\/2024\/03\/quienes-somos-2.jpg\" class=\"attachment-large size-large wp-image-651\" alt=\"recetas tradicionales europeas\" \/>\t\t\t\t\t\t\t\t\t\t\t\t\t\t\t<\/div>\n\t\t\t\t<\/div>\n\t\t\t\t<\/div>\n\t\t<div class=\"elementor-element elementor-element-f120fc2 e-con-full e-flex e-con e-child\" data-id=\"f120fc2\" data-element_type=\"container\" data-e-type=\"container\">\n\t\t\t\t<div class=\"elementor-element elementor-element-a25f527 elementor-widget elementor-widget-text-editor\" data-id=\"a25f527\" data-element_type=\"widget\" data-e-type=\"widget\" data-widget_type=\"text-editor.default\">\n\t\t\t\t<div class=\"elementor-widget-container\">\n\t\t\t\t\t\t\t\t\t<p class=\"p1\">En <span style=\"color: #b18806;\"><strong>DOLCE PANIS<\/strong><\/span>\u00a0creemos que cada bocado debe ser un momento de alegr\u00eda. Desde nuestro pan salado y pan dulce reci\u00e9n horneado hasta deliciosos pasteles. Nos enorgullecemos de utilizar solo los mejores ingredientes para crear delicias que cautivan tanto la vista como el paladar.<\/p><p class=\"p1\">Ya sea que est\u00e9 celebrando una ocasi\u00f3n especial, satisfaciendo su gusto por lo dulce o simplemente buscando una barra de pan reconfortante, tenemos algo para cada paladar.<\/p>\t\t\t\t\t\t\t\t<\/div>\n\t\t\t\t<\/div>\n\t\t\t\t<\/div>\n\t\t\t\t\t<\/div>\n\t\t\t\t<\/div>\n\t\t<div class=\"elementor-element elementor-element-bec95f0 e-flex e-con-boxed e-con e-parent\" data-id=\"bec95f0\" data-element_type=\"container\" data-e-type=\"container\">\n\t\t\t\t\t<div class=\"e-con-inner\">\n\t\t<div class=\"elementor-element elementor-element-8ff9195 e-con-full e-flex e-con e-child\" data-id=\"8ff9195\" data-element_type=\"container\" data-e-type=\"container\">\n\t\t\t\t<div class=\"elementor-element elementor-element-7423808 elementor-widget elementor-widget-image\" data-id=\"7423808\" data-element_type=\"widget\" data-e-type=\"widget\" data-widget_type=\"image.default\">\n\t\t\t\t<div class=\"elementor-widget-container\">\n\t\t\t\t\t\t\t\t\t\t\t\t\t\t\t<img decoding=\"async\" width=\"1024\" height=\"768\" src=\"https:\/\/dolcepanis.morphos.lat\/wp-content\/uploads\/2024\/03\/quienes-somos-3.jpg\" class=\"attachment-large size-large wp-image-656\" alt=\"recetas tradicionales europeas\" \/>\t\t\t\t\t\t\t\t\t\t\t\t\t\t\t<\/div>\n\t\t\t\t<\/div>\n\t\t\t\t<\/div>\n\t\t<div class=\"elementor-element elementor-element-08ba5be e-con-full e-flex e-con e-child\" data-id=\"08ba5be\" data-element_type=\"container\" data-e-type=\"container\">\n\t\t\t\t<div class=\"elementor-element elementor-element-c107477 elementor-widget elementor-widget-text-editor\" data-id=\"c107477\" data-element_type=\"widget\" data-e-type=\"widget\" data-widget_type=\"text-editor.default\">\n\t\t\t\t<div class=\"elementor-widget-container\">\n\t\t\t\t\t\t\t\t\t<p class=\"p1\">Lo esperamos en <span style=\"color: #b18806;\"><strong>DOLCE PANIS<\/strong><\/span> y experimente la calidez de un establecimiento centrado en la experiencia donde nuestra pasi\u00f3n por la panader\u00eda es evidente en cada detalle. Somos m\u00e1s que una panader\u00eda, somos un destino para deliciosos momentos y experiencias diferentes.<\/p>\t\t\t\t\t\t\t\t<\/div>\n\t\t\t\t<\/div>\n\t\t\t\t<\/div>\n\t\t\t\t\t<\/div>\n\t\t\t\t<\/div>\n\t\t\t\t<\/div>\n\t\t","protected":false},"excerpt":{"rendered":"<p>Qui\u00e9nes somos \u00a1Bienvenido! Nuestro men\u00fa es una combinaci\u00f3n de recetas tradicionales europeas y creaciones innovadoras, que ofrece una deliciosa variedad [&hellip;]<\/p>\n","protected":false},"author":1,"featured_media":0,"parent":0,"menu_order":0,"comment_status":"closed","ping_status":"closed","template":"elementor_header_footer","meta":{"site-sidebar-layout":"no-sidebar","site-content-layout":"","ast-site-content-layout":"full-width-container","site-content-style":"default","site-sidebar-style":"default","ast-global-header-display":"","ast-banner-title-visibility":"","ast-main-header-display":"","ast-hfb-above-header-display":"","ast-hfb-below-header-display":"","ast-hfb-mobile-header-display":"","site-post-title":"disabled","ast-breadcrumbs-content":"","ast-featured-img":"disabled","footer-sml-layout":"","ast-disable-related-posts":"","theme-transparent-header-meta":"","adv-header-id-meta":"","stick-header-meta":"","header-above-stick-meta":"","header-main-stick-meta":"","header-below-stick-meta":"","astra-migrate-meta-layouts":"default","ast-page-background-enabled":"default","ast-page-background-meta":{"desktop":{"background-color":"var(--ast-global-color-4)","background-image":"","background-repeat":"repeat","background-position":"center center","background-size":"auto","background-attachment":"scroll","background-type":"","background-media":"","overlay-type":"","overlay-color":"","overlay-opacity":"","overlay-gradient":""},"tablet":{"background-color":"","background-image":"","background-repeat":"repeat","background-position":"center center","background-size":"auto","background-attachment":"scroll","background-type":"","background-media":"","overlay-type":"","overlay-color":"","overlay-opacity":"","overlay-gradient":""},"mobile":{"background-color":"","background-image":"","background-repeat":"repeat","background-position":"center center","background-size":"auto","background-attachment":"scroll","background-type":"","background-media":"","overlay-type":"","overlay-color":"","overlay-opacity":"","overlay-gradient":""}},"ast-content-background-meta":{"desktop":{"background-color":"var(--ast-global-color-5)","background-image":"","background-repeat":"repeat","background-position":"center center","background-size":"auto","background-attachment":"scroll","background-type":"","background-media":"","overlay-type":"","overlay-color":"","overlay-opacity":"","overlay-gradient":""},"tablet":{"background-color":"var(--ast-global-color-5)","background-image":"","background-repeat":"repeat","background-position":"center center","background-size":"auto","background-attachment":"scroll","background-type":"","background-media":"","overlay-type":"","overlay-color":"","overlay-opacity":"","overlay-gradient":""},"mobile":{"background-color":"var(--ast-global-color-5)","background-image":"","background-repeat":"repeat","background-position":"center center","background-size":"auto","background-attachment":"scroll","background-type":"","background-media":"","overlay-type":"","overlay-color":"","overlay-opacity":"","overlay-gradient":""}},"footnotes":""},"class_list":["post-135","page","type-page","status-publish","hentry"],"yoast_head":"<!-- This site is optimized with the Yoast SEO plugin v26.9 - https:\/\/yoast.com\/product\/yoast-seo-wordpress\/ -->\n<title>Dolce Panis - Recetas tradicionales europeas - Qui\u00e9nes somos<\/title>\n<meta name=\"description\" content=\"Panader\u00eda boutique con recetas tradicionales europeas, aromas irresistibles y sabores deliciosos. En Leon, Guanajuato.\" \/>\n<meta name=\"robots\" content=\"index, follow, max-snippet:-1, max-image-preview:large, max-video-preview:-1\" \/>\n<link rel=\"canonical\" href=\"https:\/\/dolcepanis.morphos.lat\/index.php\/recetas-tradicionales-europeas\/\" \/>\n<meta property=\"og:locale\" content=\"es_MX\" \/>\n<meta property=\"og:type\" content=\"article\" \/>\n<meta property=\"og:title\" content=\"Dolce Panis - Recetas tradicionales europeas - Qui\u00e9nes somos\" \/>\n<meta property=\"og:description\" content=\"Panader\u00eda boutique con recetas tradicionales europeas, aromas irresistibles y sabores deliciosos. En Leon, Guanajuato.\" \/>\n<meta property=\"og:url\" content=\"https:\/\/dolcepanis.morphos.lat\/index.php\/recetas-tradicionales-europeas\/\" \/>\n<meta property=\"og:site_name\" content=\"Dolce Panis\" \/>\n<meta property=\"article:publisher\" content=\"https:\/\/www.facebook.com\/profile.php?id=61556635073571\" \/>\n<meta property=\"article:modified_time\" content=\"2025-02-08T00:23:51+00:00\" \/>\n<meta property=\"og:image\" content=\"https:\/\/dolcepanis.morphos.lat\/wp-content\/uploads\/2024\/03\/quienes-somos-1.jpg\" \/>\n<meta name=\"twitter:card\" content=\"summary_large_image\" \/>\n<meta name=\"twitter:label1\" content=\"Tiempo de lectura\" \/>\n\t<meta name=\"twitter:data1\" content=\"2 minutos\" \/>\n<script type=\"application\/ld+json\" class=\"yoast-schema-graph\">{\"@context\":\"https:\/\/schema.org\",\"@graph\":[{\"@type\":\"WebPage\",\"@id\":\"https:\/\/dolcepanis.morphos.lat\/index.php\/recetas-tradicionales-europeas\/\",\"url\":\"https:\/\/dolcepanis.morphos.lat\/index.php\/recetas-tradicionales-europeas\/\",\"name\":\"Dolce Panis - Recetas tradicionales europeas - Qui\u00e9nes somos\",\"isPartOf\":{\"@id\":\"https:\/\/dolcepanis.morphos.lat\/#website\"},\"primaryImageOfPage\":{\"@id\":\"https:\/\/dolcepanis.morphos.lat\/index.php\/recetas-tradicionales-europeas\/#primaryimage\"},\"image\":{\"@id\":\"https:\/\/dolcepanis.morphos.lat\/index.php\/recetas-tradicionales-europeas\/#primaryimage\"},\"thumbnailUrl\":\"https:\/\/dolcepanis.morphos.lat\/wp-content\/uploads\/2024\/03\/quienes-somos-1.jpg\",\"datePublished\":\"2024-02-28T01:28:36+00:00\",\"dateModified\":\"2025-02-08T00:23:51+00:00\",\"description\":\"Panader\u00eda boutique con recetas tradicionales europeas, aromas irresistibles y sabores deliciosos. En Leon, Guanajuato.\",\"breadcrumb\":{\"@id\":\"https:\/\/dolcepanis.morphos.lat\/index.php\/recetas-tradicionales-europeas\/#breadcrumb\"},\"inLanguage\":\"es\",\"potentialAction\":[{\"@type\":\"ReadAction\",\"target\":[\"https:\/\/dolcepanis.morphos.lat\/index.php\/recetas-tradicionales-europeas\/\"]}]},{\"@type\":\"ImageObject\",\"inLanguage\":\"es\",\"@id\":\"https:\/\/dolcepanis.morphos.lat\/index.php\/recetas-tradicionales-europeas\/#primaryimage\",\"url\":\"https:\/\/dolcepanis.morphos.lat\/wp-content\/uploads\/2024\/03\/quienes-somos-1.jpg\",\"contentUrl\":\"https:\/\/dolcepanis.morphos.lat\/wp-content\/uploads\/2024\/03\/quienes-somos-1.jpg\"},{\"@type\":\"BreadcrumbList\",\"@id\":\"https:\/\/dolcepanis.morphos.lat\/index.php\/recetas-tradicionales-europeas\/#breadcrumb\",\"itemListElement\":[{\"@type\":\"ListItem\",\"position\":1,\"name\":\"Inicio\",\"item\":\"https:\/\/dolcepanis.morphos.lat\/\"},{\"@type\":\"ListItem\",\"position\":2,\"name\":\"Qui\u00e9nes somos\"}]},{\"@type\":\"WebSite\",\"@id\":\"https:\/\/dolcepanis.morphos.lat\/#website\",\"url\":\"https:\/\/dolcepanis.morphos.lat\/\",\"name\":\"dolcepanis.com\",\"description\":\"PANADERIA BOUTIQUE\",\"publisher\":{\"@id\":\"https:\/\/dolcepanis.morphos.lat\/#organization\"},\"potentialAction\":[{\"@type\":\"SearchAction\",\"target\":{\"@type\":\"EntryPoint\",\"urlTemplate\":\"https:\/\/dolcepanis.morphos.lat\/?s={search_term_string}\"},\"query-input\":{\"@type\":\"PropertyValueSpecification\",\"valueRequired\":true,\"valueName\":\"search_term_string\"}}],\"inLanguage\":\"es\"},{\"@type\":\"Organization\",\"@id\":\"https:\/\/dolcepanis.morphos.lat\/#organization\",\"name\":\"dolcepanis.com\",\"url\":\"https:\/\/dolcepanis.morphos.lat\/\",\"logo\":{\"@type\":\"ImageObject\",\"inLanguage\":\"es\",\"@id\":\"https:\/\/dolcepanis.morphos.lat\/#\/schema\/logo\/image\/\",\"url\":\"https:\/\/dolcepanis.morphos.lat\/wp-content\/uploads\/2024\/03\/ISOLOGO-CIRCULO-K.png\",\"contentUrl\":\"https:\/\/dolcepanis.morphos.lat\/wp-content\/uploads\/2024\/03\/ISOLOGO-CIRCULO-K.png\",\"width\":1200,\"height\":1200,\"caption\":\"dolcepanis.com\"},\"image\":{\"@id\":\"https:\/\/dolcepanis.morphos.lat\/#\/schema\/logo\/image\/\"},\"sameAs\":[\"https:\/\/www.facebook.com\/profile.php?id=61556635073571\",\"https:\/\/www.instagram.com\/dolcepanis\/\"]}]}<\/script>\n<!-- \/ Yoast SEO plugin. -->","yoast_head_json":{"title":"Dolce Panis - Recetas tradicionales europeas - Qui\u00e9nes somos","description":"Panader\u00eda boutique con recetas tradicionales europeas, aromas irresistibles y sabores deliciosos. En Leon, Guanajuato.","robots":{"index":"index","follow":"follow","max-snippet":"max-snippet:-1","max-image-preview":"max-image-preview:large","max-video-preview":"max-video-preview:-1"},"canonical":"https:\/\/dolcepanis.morphos.lat\/index.php\/recetas-tradicionales-europeas\/","og_locale":"es_MX","og_type":"article","og_title":"Dolce Panis - Recetas tradicionales europeas - Qui\u00e9nes somos","og_description":"Panader\u00eda boutique con recetas tradicionales europeas, aromas irresistibles y sabores deliciosos. En Leon, Guanajuato.","og_url":"https:\/\/dolcepanis.morphos.lat\/index.php\/recetas-tradicionales-europeas\/","og_site_name":"Dolce Panis","article_publisher":"https:\/\/www.facebook.com\/profile.php?id=61556635073571","article_modified_time":"2025-02-08T00:23:51+00:00","og_image":[{"url":"https:\/\/dolcepanis.morphos.lat\/wp-content\/uploads\/2024\/03\/quienes-somos-1.jpg","type":"","width":"","height":""}],"twitter_card":"summary_large_image","twitter_misc":{"Tiempo de lectura":"2 minutos"},"schema":{"@context":"https:\/\/schema.org","@graph":[{"@type":"WebPage","@id":"https:\/\/dolcepanis.morphos.lat\/index.php\/recetas-tradicionales-europeas\/","url":"https:\/\/dolcepanis.morphos.lat\/index.php\/recetas-tradicionales-europeas\/","name":"Dolce Panis - Recetas tradicionales europeas - Qui\u00e9nes somos","isPartOf":{"@id":"https:\/\/dolcepanis.morphos.lat\/#website"},"primaryImageOfPage":{"@id":"https:\/\/dolcepanis.morphos.lat\/index.php\/recetas-tradicionales-europeas\/#primaryimage"},"image":{"@id":"https:\/\/dolcepanis.morphos.lat\/index.php\/recetas-tradicionales-europeas\/#primaryimage"},"thumbnailUrl":"https:\/\/dolcepanis.morphos.lat\/wp-content\/uploads\/2024\/03\/quienes-somos-1.jpg","datePublished":"2024-02-28T01:28:36+00:00","dateModified":"2025-02-08T00:23:51+00:00","description":"Panader\u00eda boutique con recetas tradicionales europeas, aromas irresistibles y sabores deliciosos. En Leon, Guanajuato.","breadcrumb":{"@id":"https:\/\/dolcepanis.morphos.lat\/index.php\/recetas-tradicionales-europeas\/#breadcrumb"},"inLanguage":"es","potentialAction":[{"@type":"ReadAction","target":["https:\/\/dolcepanis.morphos.lat\/index.php\/recetas-tradicionales-europeas\/"]}]},{"@type":"ImageObject","inLanguage":"es","@id":"https:\/\/dolcepanis.morphos.lat\/index.php\/recetas-tradicionales-europeas\/#primaryimage","url":"https:\/\/dolcepanis.morphos.lat\/wp-content\/uploads\/2024\/03\/quienes-somos-1.jpg","contentUrl":"https:\/\/dolcepanis.morphos.lat\/wp-content\/uploads\/2024\/03\/quienes-somos-1.jpg"},{"@type":"BreadcrumbList","@id":"https:\/\/dolcepanis.morphos.lat\/index.php\/recetas-tradicionales-europeas\/#breadcrumb","itemListElement":[{"@type":"ListItem","position":1,"name":"Inicio","item":"https:\/\/dolcepanis.morphos.lat\/"},{"@type":"ListItem","position":2,"name":"Qui\u00e9nes somos"}]},{"@type":"WebSite","@id":"https:\/\/dolcepanis.morphos.lat\/#website","url":"https:\/\/dolcepanis.morphos.lat\/","name":"dolcepanis.com","description":"PANADERIA BOUTIQUE","publisher":{"@id":"https:\/\/dolcepanis.morphos.lat\/#organization"},"potentialAction":[{"@type":"SearchAction","target":{"@type":"EntryPoint","urlTemplate":"https:\/\/dolcepanis.morphos.lat\/?s={search_term_string}"},"query-input":{"@type":"PropertyValueSpecification","valueRequired":true,"valueName":"search_term_string"}}],"inLanguage":"es"},{"@type":"Organization","@id":"https:\/\/dolcepanis.morphos.lat\/#organization","name":"dolcepanis.com","url":"https:\/\/dolcepanis.morphos.lat\/","logo":{"@type":"ImageObject","inLanguage":"es","@id":"https:\/\/dolcepanis.morphos.lat\/#\/schema\/logo\/image\/","url":"https:\/\/dolcepanis.morphos.lat\/wp-content\/uploads\/2024\/03\/ISOLOGO-CIRCULO-K.png","contentUrl":"https:\/\/dolcepanis.morphos.lat\/wp-content\/uploads\/2024\/03\/ISOLOGO-CIRCULO-K.png","width":1200,"height":1200,"caption":"dolcepanis.com"},"image":{"@id":"https:\/\/dolcepanis.morphos.lat\/#\/schema\/logo\/image\/"},"sameAs":["https:\/\/www.facebook.com\/profile.php?id=61556635073571","https:\/\/www.instagram.com\/dolcepanis\/"]}]}},"_links":{"self":[{"href":"https:\/\/dolcepanis.morphos.lat\/index.php\/wp-json\/wp\/v2\/pages\/135","targetHints":{"allow":["GET"]}}],"collection":[{"href":"https:\/\/dolcepanis.morphos.lat\/index.php\/wp-json\/wp\/v2\/pages"}],"about":[{"href":"https:\/\/dolcepanis.morphos.lat\/index.php\/wp-json\/wp\/v2\/types\/page"}],"author":[{"embeddable":true,"href":"https:\/\/dolcepanis.morphos.lat\/index.php\/wp-json\/wp\/v2\/users\/1"}],"replies":[{"embeddable":true,"href":"https:\/\/dolcepanis.morphos.lat\/index.php\/wp-json\/wp\/v2\/comments?post=135"}],"version-history":[{"count":117,"href":"https:\/\/dolcepanis.morphos.lat\/index.php\/wp-json\/wp\/v2\/pages\/135\/revisions"}],"predecessor-version":[{"id":1676,"href":"https:\/\/dolcepanis.morphos.lat\/index.php\/wp-json\/wp\/v2\/pages\/135\/revisions\/1676"}],"wp:attachment":[{"href":"https:\/\/dolcepanis.morphos.lat\/index.php\/wp-json\/wp\/v2\/media?parent=135"}],"curies":[{"name":"wp","href":"https:\/\/api.w.org\/{rel}","templated":true}]}}